4
Let o = 8 - 6. Let z(q) = 0 - 5*q + 3 - 4 - o*q. Suppose 20*j = 18*j + 5*b + 18, -2*j + 2 = -b. What is z(j)?
6
Let h be 3*(5 + 16/(-3))*78. Let n = 86 + h. Let y(w) = w - 5. Give y(n).
3
Suppose 80*g + 32 = 272. Let z(f) be the second derivative of f**3/6 + 3*f**2 + 30*f. What is z(g)?
9
Let o(h) = -54*h**2 + 119*h + 6. Let r(s) = -10*s**2 + 23*s + 1. Let i(d) = 2*o(d) - 11*r(d). Give i(8).
9
Let l(k) = -6*k + 3. Let a = 2058 - 2050. Give l(a).
-45
Let v = 634 - 630. Suppose -37 = v*n + 3*r, -4*n + r + 1 - 26 = 0. Let i(h) = -h**3 - 7*h**2 - 4. Determine i(n).
-4
Let s(t) be the first derivative of t**3/3 + 9*t**2 + 99*t - 5264. Give s(-8).
19
Let b(r) = -2*r**3 - 11*r**2 - 5*r - 4. Suppose -5*x - 5*n + 10 = 0, 1678 = -4*x + 4*n + 1630. What is b(x)?
-4
Suppose -24*p - 222 - 35 = -65. Let y(i) = -i**3 - 7*i**2 + 11*i + 18. What is y(p)?
-6
Let u(c) be the second derivative of -c**6/720 - c**5/120 + 6*c**4 - 27*c. Let j(a) be the third derivative of u(a). Give j(6).
-7
Let w(v) = -4 + 101*v + v**3 - 6*v**2 - 1 - 2*v**3 - 218*v + 106*v. What is w(-4)?
7
Let w be (-418)/26 + ((-4)/14 - 8877/(-24479)). Let x(o) = -o**3 - 18*o**2 - 26*o - 33. Determine x(w).
-129
Let j(u) = 2*u - 34. Suppose 4*c = o - 25, 5*o + 2*c - 44 = 37. Let w be j(o). Let y(z) = -4 + 4 + 4*z - 3 - z**2 - 3*z. Give y(w).
-3
Let o(g) = -g**2 - g + 2. Suppose 0 = -5*s - k - 41, 136 - 173 = 4*s + 5*k. Calculate o(s).
-54
Let h(c) = 7*c**3 - 16*c**2 - 6*c + 6. Let v(k) = 12*k**3 - 29*k**2 - 7*k + 12. Let q(z) = -5*h(z) + 3*v(z). Let f be (-3)/((-6)/10)*1. Determine q(f).
1
Let i(z) be the third derivative of -z**4/4 + 73*z**3/6 + 604*z**2. Determine i(10).
13
Let n = -197 - -202. Let r(b) = -b**3 + 2*b**2 + 7*b - 5. Give r(n).
-45
Let k(n) = 37*n**2 - 21*n + 55. Let h(y) = 102*y**2 - 62*y + 165. Let f(m) = 4*h(m) - 11*k(m). Determine f(12).
-5
Suppose 4*u - 107 = 3*j, 0 = -7*u + 5*u + 4*j + 66. Suppose 4*b + u = -t, -4 = 3*t - 3*b + 2*b. Let f(p) = -1583*p**2 + 3 - 7 - 5*p + 1582*p**2. Calculate f(t).
2
Let u(d) = d**2 + 13*d - 6. Let y(r) = -r**2 - 7*r + 3. Let c = -4 + 6. Suppose -a - 3 = c. Let i(j) = a*y(j) - 3*u(j). Give i(3).
9
Let h(z) be the second derivative of -z**5/10 - z**4/3 - z**3/2 - z**2/2 - 4*z + 198. Suppose -a = 1 + 1. Calculate h(a).
5
Let g be 0/1 + 0 + -1. Let u be (-8)/12*((-675)/(-10))/(-3). Let w(s) = -s + 2*s**2 - 3 - s**2 - u*s**2 + 5 - 3. Calculate w(g).
-14
Let h(c) = c**3 + 19*c**2 - 42*c + 3. Let k be h(-21). Let a be (2/6)/((-1)/(-6)). Let s(p) = 3 - 44*p + 28*p + 18*p + k*p**a. What is s(-2)?
11
Let l(s) = 2*s**3 + 8*s**2 - s - 2. Let n be l(-4). Let d(h) = 80*h**2 - 81*h**n + 7*h - 2 + 3. Calculate d(6).
7
Let b(d) = 13*d + 2. Let h(t) = -2*t - 2. Let u(g) = g**2 - 10*g - 57. Let o be u(14). Let i(x) = o*b(x) - 6*h(x). Calculate i(8).
2
Let u(h) = h. Let c(a) = 7*a - 5. Let f be -2 - -9 - (3 + 0 - -1). Suppose 4*s - 2*s + 2*p - 12 = 0, -4*p = f*s - 18. Let i(x) = s*u(x) - c(x). What is i(4)?
1
Let x be (2/(-4))/(182/1092). Let n(u) = -3*u**2 - 6*u. What is n(x)?
-9
Let d(c) be the third derivative of -c**6/120 - c**5/6 - 5*c**4/24 + 5*c**3/3 - 7*c**2 + 3*c - 40. Determine d(0).
10
Let i(h) be the second derivative of -h**3/2 + 3*h**2/2 + h. Let z(d) = -1338*d + 8023. Let g be z(6). Determine i(g).
18
Let s be ((-3)/(-6) - 2)*(-3 - -1). Suppose 2*l + 11 = 3*l + 2*f, 0 = s*l - f - 5. Let z(a) = 2 + 2*a - 4 - 5*a**2 + 4*a**2. Calculate z(l).
-5
Let g(a) be the third derivative of a**5/60 - a**4/3 - a**3/6 - a**2 + 108. Let u(q) = q + 9. Let l be u(0). Determine g(l).
8
Suppose 0 = 10*w - 10 - 100. Suppose 5*o - 12*h = -10*h + 37, -o = -4*h - w. Let y(v) = -v. Give y(o).
-7
Let k(s) be the first derivative of 6*s - 2 - 1/2*s**2. Let d = 1059 + -1052. What is k(d)?
-1
Let b(w) = 4*w - 31. Let i(z) = -33*z - 11. Let f be i(-2). Suppose 48*c = f*c - 49. Calculate b(c).
-3
Suppose 2*d - 4 = -3*h + 29, -d = -5*h + 16. Suppose -19 = -d*f + 26. Let j(y) = -2*y - 3 + 1 - 2 + f + 10*y**3. What is j(1)?
9
Let s(v) = -3*v**2 + 11*v - 22. Let b(x) = x**2 - 2*x + 6. Let o(k) = 7*b(k) + 2*s(k). Give o(7).
103
Let b(y) = -453064423 - 3*y + 4*y + 453064424. Let d = -3 - -3. What is b(d)?
1
Let a(o) = 4*o + 47. Let h be a(-9). Let l(g) = -2*g**2 - h*g**2 - 10 - 6*g**2 + 18*g**2 - 8*g. Give l(-6).
2
Let u(p) = -10*p + 9. Suppose 37*c = -53 + 16 - 111. Determine u(c).
49
Let q(a) = -2*a + 20. Let b(k) = -k**3 + 57*k**2 + 58*k + 8. Let h be b(58). Determine q(h).
4
Let d(w) be the third derivative of -w**5/60 + w**4/8 - 23*w**2 - 2*w. Let u(n) = -2*n + 3. Let c be u(-2). What is d(c)?
-28
Let o(j) = -j**2 + j - 14. Let y be (17/(561/(-22)))/(2/(-42)). Suppose 6*f + 14*f - y*f = 0. What is o(f)?
-14
Let t(w) = w**3 - 11*w**2 - w + 9. Let f = -153 - -157. Suppose 4*l = -f*h + h + 38, h = -4*l + 42. Give t(l).
-2
Let g be 2/(2/4 + 0). Let b(n) = 5*n**3 - 8*n**2 + 74*n - 5. Let c(h) = -76*h**3 + 120*h**2 - 1127*h + 75. Let z(d) = -61*b(d) - 4*c(d). Determine z(g).
45
Let g be (7*-2)/(-2) - 1. Suppose -30*t + 13*t = -51. Let m(p) = 7*p - 7 - p**3 + 2*p**3 + 0*p**t - 42*p**2 + 35*p**2. Determine m(g).
-1
Let a = -282125 - -282120. Let f be (-17)/(-4) + 1/(-4). Let n(c) = 0 - f*c + 1 + 3*c. Calculate n(a).
6
Let o(y) = -3*y**3 - 3*y**2 - 7*y + 10. Let c = 10 - -72. Let j = 87 - c. Let f(t) = -4*t**3 - 3*t**2 - 7*t + 11. Let v(m) = j*o(m) - 4*f(m). What is v(4)?
-6
Let i(c) = -c**3 - 5*c**2 + 7*c - 8. Let x(n) = -2 + 28 - 6 + 3*n + n. Let h be x(-4). Suppose h*y - 12 + 36 = 0. Determine i(y).
-14
Let z(m) = -2*m**2 + 15*m - 6. Let u = 4152 + -4142. Give z(u).
-56
Suppose 4*r + 38 = 5*n, -20*n + 15*n - 2*r = -56. Let f(h) = -h**2 + 5*h + 49. Calculate f(n).
-1
Let s(z) = -3*z**2 - 22*z - 228. Let j(q) = 20*q**2 + 135*q + 1367. Let u(f) = -2*j(f) - 13*s(f). What is u(25)?
5
Let a(j) = -100 + 17*j + 8*j + 671 - 216 - 209. Determine a(-6).
-4
Let g be (4/(-6))/(106/(-21) + 5). Let l(z) = -z**3 + 14*z**2 - 2*z - 8. Determine l(g).
-36
Let v(k) = -11*k**2 + 3*k + 3. Let j be (4 - (11 - 6)) + 0. Determine v(j).
-11
Let u(v) be the second derivative of 0 + 139*v - 15/2*v**2 + 1/6*v**3. Determine u(8).
-7
Let m(b) be the third derivative of -b**4/12 - 41*b**3/6 - 11*b**2 - 3*b + 2. Give m(-24).
7
Let l(u) = -u**3 + 7*u**2 + u + 1. Let o be (-1 - -1)/(-4) + 20. Let r = 44 - o. Suppose -3*q + r = 3. Determine l(q).
8
Let r(s) = -s - 11. Let u be 19929/252 - 2/24. Let x = u - 87. Calculate r(x).
-3
Let q be ((-6)/7*3)/(33/(-77)). Let h(o) = -6*o - 2 + o**2 - 2 + o. Calculate h(q).
2
Suppose -d + 22 = -4*b, -10 = 5*d - 0*b + 4*b. Let g(j) = -j**2 - 6*j**2 + 6*j + 6*j**d + 1. What is g(6)?
1
Let k(q) = -27*q**3 + 2*q**2 + 4*q - 1. Let b(n) = -26*n**3 + 2*n**2 + 5*n - 2. Suppose 10*r + 63 = -11*r. Let m(z) = r*k(z) + 2*b(z). Calculate m(-1).
-30
Let g(m) be the first derivative of m**2/2 + m + 478. Suppose 5*y = y + 4*h + 40, 3*y = -h + 10. Calculate g(y).
6
Suppose -18*s + 10 = -13*s. Let v(i) = 3*i - 535 - 3*i**3 + 4*i**3 - 5*i**s + 535. Calculate v(4).
-4
Let v(s) = -19*s + 32. Let l(n) = 21*n + 1. Let t(h) = l(h) + v(h). Give t(0).
33
Let q(s) = 36 - 2*s + 16*s**2 - 17 + 3*s**2 - 20. Suppose -2 + 1 = -2*z + x, 0 = 4*x + 12. What is q(z)?
20
Suppose 0 = -183*m + 242*m + 649. Let g(q) = 13*q + 15. Determine g(m).
-128
Let s(g) = 25*g - 25. Let q(z) = 9*z - 9. Let k(h) = -11*q(h) + 4*s(h). What is k(6)?
5
Suppose 0 = -5*h - a + 180, h + a + 36 = 2*h. Let b = h - 22. Suppose 3*i - b = i. Let d(o) = -o**3 + 8*o**2 - 10*o - 3. What is d(i)?
-24
Suppose -4*m = 3*v - 127, 47 = v + 3*m + 13. Let z(j) = j**2 - 45*j - 191. Determine z(v).
5
Let p(s) = 2*s**2 + s + 8. Let v(w) = -6*w**2 - 5*w - 9. Let a(y) = y**2 + y + 1. Let u(k) = 5*a(k) + v(k). Let n(b) = 4*p(b) + 7*u(b). What is n(-4)?
4
Let n(i) = i**2 + i + 3. Suppose -3*r + r + 242 = -4*h, 3*h + 4*r + 198 = 0. Let u(z) = -3*z**2 - 38*z + 71. Let y be u(-13). Let m = h + y. Give n(m).
15
Let v(k) = 9*k**2 - 22*k - 36. Let l(w) = -3*w**2 + 10*w + 15. Let u(h) = -5*l(h) - 2*v(h). Give u(-2).
-3
Let t be ((286/(-55))/13)/(2/(-10)). Let p(l) = 1457 - l + 0*l**2 - l**t - 1453. What is p(3)?
-8
Let h(u) = u + 7. Let t(y) = -19*y + 27. Let d be t(8). Let f = -119 - d. What is h(f)?
13
Let k(t) = 3*t**2 - 14*t - 4. Let x be k(7). Let s = x - 42.